{"id":150,"date":"2022-09-11T20:56:03","date_gmt":"2022-09-11T20:56:03","guid":{"rendered":"https:\/\/avvocato.vamtam.com\/?page_id=150"},"modified":"2025-05-07T11:55:59","modified_gmt":"2025-05-07T09:55:59","slug":"contact","status":"publish","type":"page","link":"https:\/\/agencetr.com\/index.php\/contact\/","title":{"rendered":"Contact"},"content":{"rendered":"\t\t<div data-elementor-type=\"wp-page\" data-elementor-id=\"150\" class=\"elementor elementor-150\" data-elementor-post-type=\"page\">\n\t\t\t\t<div class=\"elementor-element elementor-element-aab2880 e-flex e-con-boxed e-con e-parent\" data-id=\"aab2880\" data-element_type=\"container\" data-e-type=\"container\" data-settings=\"{&quot;background_background&quot;:&quot;classic&quot;}\">\n\t\t\t\t\t<div class=\"e-con-inner\">\n\t\t\t\t\t<\/div>\n\t\t\t\t<\/div>\n\t\t<div class=\"elementor-element elementor-element-2038fd2 e-flex e-con-boxed e-con e-parent\" data-id=\"2038fd2\" data-element_type=\"container\" data-e-type=\"container\">\n\t\t\t\t\t<div class=\"e-con-inner\">\n\t\t\t\t<div class=\"elementor-element elementor-element-b61239b elementor-widget elementor-widget-breadcrumbs\" data-id=\"b61239b\" data-element_type=\"widget\" data-e-type=\"widget\" data-widget_type=\"breadcrumbs.default\">\n\t\t\t\t\t<p id=\"breadcrumbs\"><span><span><a href=\"https:\/\/agencetr.com\/\">Home<\/a><\/span><\/span><\/p>\t\t\t\t<\/div>\n\t\t\t\t\t<\/div>\n\t\t\t\t<\/div>\n\t\t\t\t<section class=\"elementor-section elementor-top-section elementor-element elementor-element-cd671b3 elementor-section-boxed elementor-section-height-default elementor-section-height-default\" data-id=\"cd671b3\" data-element_type=\"section\" data-e-type=\"section\">\n\t\t\t\t\t\t<div class=\"elementor-container elementor-column-gap-no\">\n\t\t\t\t\t<div class=\"elementor-column elementor-col-100 elementor-top-column elementor-element elementor-element-147b6b3\" data-id=\"147b6b3\" data-element_type=\"column\" data-e-type=\"column\">\n\t\t\t<div class=\"elementor-widget-wrap elementor-element-populated\">\n\t\t\t\t\t\t<div class=\"vamtam-has-theme-widget-styles elementor-element elementor-element-18ece97 elementor-widget elementor-widget-text-editor\" data-id=\"18ece97\" data-element_type=\"widget\" data-e-type=\"widget\" data-widget_type=\"text-editor.default\">\n\t\t\t\t\t\t\t\t\t<p>Nous serons heureux de communiquer avec vous en personne, par t\u00e9l\u00e9phone, par courriel ou 24 heures sur 24, 7 jours sur 7, sur notre site Web.<\/p><p>L&rsquo;\u00e9quipe de l&rsquo;Agence TR est \u00e0 votre \u00e9coute.<\/p>\t\t\t\t\t\t\t\t<\/div>\n\t\t\t\t\t<\/div>\n\t\t<\/div>\n\t\t\t\t\t<\/div>\n\t\t<\/section>\n\t\t\t\t<section class=\"elementor-section elementor-top-section elementor-element elementor-element-da2069e elementor-section-boxed elementor-section-height-default elementor-section-height-default\" data-id=\"da2069e\" data-element_type=\"section\" data-e-type=\"section\" data-settings=\"{&quot;background_background&quot;:&quot;classic&quot;}\">\n\t\t\t\t\t\t<div class=\"elementor-container elementor-column-gap-no\">\n\t\t\t\t\t<div class=\"elementor-column elementor-col-100 elementor-top-column elementor-element elementor-element-868ff25\" data-id=\"868ff25\" data-element_type=\"column\" data-e-type=\"column\">\n\t\t\t<div class=\"elementor-widget-wrap elementor-element-populated\">\n\t\t\t\t\t\t<div class=\"elementor-element elementor-element-8cb3a0a elementor-widget elementor-widget-spacer\" data-id=\"8cb3a0a\" data-element_type=\"widget\" data-e-type=\"widget\" data-widget_type=\"spacer.default\">\n\t\t\t\t\t\t\t<div class=\"elementor-spacer\">\n\t\t\t<div class=\"elementor-spacer-inner\"><\/div>\n\t\t<\/div>\n\t\t\t\t\t\t<\/div>\n\t\t\t\t<div class=\"elementor-element elementor-element-822cb91 elementor-widget elementor-widget-heading\" data-id=\"822cb91\" data-element_type=\"widget\" data-e-type=\"widget\" data-widget_type=\"heading.default\">\n\t\t\t\t\t<h2 class=\"elementor-heading-title elementor-size-default\">Quartier g\u00e9n\u00e9ral de l'Agence TR<\/h2>\t\t\t\t<\/div>\n\t\t\t\t\t<\/div>\n\t\t<\/div>\n\t\t\t\t\t<\/div>\n\t\t<\/section>\n\t\t<div class=\"elementor-element elementor-element-e82399b e-flex e-con-boxed e-con e-parent\" data-id=\"e82399b\" data-element_type=\"container\" data-e-type=\"container\" data-settings=\"{&quot;background_background&quot;:&quot;classic&quot;}\">\n\t\t\t\t\t<div class=\"e-con-inner\">\n\t\t<div class=\"elementor-element elementor-element-d318e1f e-con-full e-flex e-con e-child\" data-id=\"d318e1f\" data-element_type=\"container\" data-e-type=\"container\">\n\t\t\t\t<div class=\"elementor-element elementor-element-c337b9a elementor-widget elementor-widget-heading\" data-id=\"c337b9a\" data-element_type=\"widget\" data-e-type=\"widget\" data-widget_type=\"heading.default\">\n\t\t\t\t\t<p class=\"elementor-heading-title elementor-size-default\">France<\/p>\t\t\t\t<\/div>\n\t\t\t\t<div class=\"elementor-element elementor-element-77168a9 elementor-widget elementor-widget-heading\" data-id=\"77168a9\" data-element_type=\"widget\" data-e-type=\"widget\" data-widget_type=\"heading.default\">\n\t\t\t\t\t<h5 class=\"elementor-heading-title elementor-size-default\">Paris<\/h5>\t\t\t\t<\/div>\n\t\t\t\t<div class=\"vamtam-has-theme-widget-styles elementor-element elementor-element-2be0638 elementor-widget elementor-widget-text-editor\" data-id=\"2be0638\" data-element_type=\"widget\" data-e-type=\"widget\" data-widget_type=\"text-editor.default\">\n\t\t\t\t\t\t\t\t\t<p>10, Avenue Kl\u00e9ber<\/p><p>750116 &#8211; Paris<\/p>\t\t\t\t\t\t\t\t<\/div>\n\t\t\t\t<\/div>\n\t\t<div class=\"elementor-element elementor-element-414ba2f e-con-full e-flex e-con e-child\" data-id=\"414ba2f\" data-element_type=\"container\" data-e-type=\"container\">\n\t\t\t\t<div class=\"elementor-element elementor-element-cfc1b2a elementor-widget elementor-widget-google_maps\" data-id=\"cfc1b2a\" data-element_type=\"widget\" data-e-type=\"widget\" data-widget_type=\"google_maps.default\">\n\t\t\t\t\t\t\t<div class=\"elementor-custom-embed\">\n\t\t\t<iframe loading=\"lazy\"\n\t\t\t\t\tsrc=\"https:\/\/maps.google.com\/maps?q=10%2C%20avenue%20kl%C3%A9ber%2075116%20Paris&#038;t=m&#038;z=12&#038;output=embed&#038;iwloc=near\"\n\t\t\t\t\ttitle=\"10, avenue kl\u00e9ber 75116 Paris\"\n\t\t\t\t\taria-label=\"10, avenue kl\u00e9ber 75116 Paris\"\n\t\t\t><\/iframe>\n\t\t<\/div>\n\t\t\t\t\t\t<\/div>\n\t\t\t\t<\/div>\n\t\t\t\t\t<\/div>\n\t\t\t\t<\/div>\n\t\t\t\t<section class=\"elementor-section elementor-top-section elementor-element elementor-element-820ee34 elementor-section-content-middle elementor-section-boxed elementor-section-height-default elementor-section-height-default\" data-id=\"820ee34\" data-element_type=\"section\" data-e-type=\"section\">\n\t\t\t\t\t\t<div class=\"elementor-container elementor-column-gap-no\">\n\t\t\t\t\t<div class=\"elementor-column elementor-col-33 elementor-top-column elementor-element elementor-element-d81e509\" data-id=\"d81e509\" data-element_type=\"column\" data-e-type=\"column\">\n\t\t\t<div class=\"elementor-widget-wrap elementor-element-populated\">\n\t\t\t\t\t\t<div class=\"elementor-element elementor-element-eb00047 elementor-widget elementor-widget-heading\" data-id=\"eb00047\" data-element_type=\"widget\" data-e-type=\"widget\" data-widget_type=\"heading.default\">\n\t\t\t\t\t<h2 class=\"elementor-heading-title elementor-size-default\">Nous \u00e9crire<\/h2>\t\t\t\t<\/div>\n\t\t\t\t<div class=\"vamtam-has-theme-widget-styles elementor-element elementor-element-3f69695 elementor-button-align-stretch vamtam-has-underline-anim elementor-widget elementor-widget-form\" data-id=\"3f69695\" data-element_type=\"widget\" data-e-type=\"widget\" data-settings=\"{&quot;button_width&quot;:&quot;50&quot;,&quot;step_next_label&quot;:&quot;Suivant&quot;,&quot;step_previous_label&quot;:&quot;Pr\\u00e9c\\u00e9dent&quot;,&quot;button_width_mobile&quot;:&quot;100&quot;,&quot;button_width_tablet&quot;:&quot;40&quot;,&quot;step_type&quot;:&quot;number_text&quot;,&quot;step_icon_shape&quot;:&quot;circle&quot;}\" data-widget_type=\"form.default\">\n\t\t\t\t\t\t\t<form class=\"elementor-form\" method=\"post\" name=\"New Form\" aria-label=\"New Form\">\n\t\t\t<input type=\"hidden\" name=\"post_id\" value=\"150\"\/>\n\t\t\t<input type=\"hidden\" name=\"form_id\" value=\"3f69695\"\/>\n\t\t\t<input type=\"hidden\" name=\"referer_title\" value=\"Contact - Agence TR\" \/>\n\n\t\t\t\t\t\t\t<input type=\"hidden\" name=\"queried_id\" value=\"150\"\/>\n\t\t\t\n\t\t\t<div class=\"elementor-form-fields-wrapper elementor-labels-\">\n\t\t\t\t\t\t\t\t<div class=\"elementor-field-type-text elementor-field-group elementor-column elementor-field-group-name elementor-col-100\">\n\t\t\t\t\t\t\t\t\t\t\t\t<label for=\"form-field-name\" class=\"elementor-field-label elementor-screen-only\">\n\t\t\t\t\t\t\t\tNom\t\t\t\t\t\t\t<\/label>\n\t\t\t\t\t\t\t\t\t\t\t\t\t\t<input size=\"1\" type=\"text\" name=\"form_fields[name]\" id=\"form-field-name\" class=\"elementor-field elementor-size-sm  elementor-field-textual\" placeholder=\"Nom\">\n\t\t\t\t\t\t\t\t\t\t\t<\/div>\n\t\t\t\t\t\t\t\t<div class=\"elementor-field-type-number elementor-field-group elementor-column elementor-field-group-phone elementor-col-100\">\n\t\t\t\t\t\t\t\t\t\t\t\t<label for=\"form-field-phone\" class=\"elementor-field-label elementor-screen-only\">\n\t\t\t\t\t\t\t\tT\u00e9l\u00e9phone\t\t\t\t\t\t\t<\/label>\n\t\t\t\t\t\t\t\t\t<input type=\"number\" name=\"form_fields[phone]\" id=\"form-field-phone\" class=\"elementor-field elementor-size-sm  elementor-field-textual\" placeholder=\"T\u00e9l\u00e9phone\" min=\"\" max=\"\" >\n\t\t\t\t\t\t<\/div>\n\t\t\t\t\t\t\t\t<div class=\"elementor-field-type-email elementor-field-group elementor-column elementor-field-group-field_d515e25 elementor-col-100 elementor-field-required\">\n\t\t\t\t\t\t\t\t\t\t\t\t<label for=\"form-field-field_d515e25\" class=\"elementor-field-label elementor-screen-only\">\n\t\t\t\t\t\t\t\tEmail\t\t\t\t\t\t\t<\/label>\n\t\t\t\t\t\t\t\t\t\t\t\t\t\t<input size=\"1\" type=\"email\" name=\"form_fields[field_d515e25]\" id=\"form-field-field_d515e25\" class=\"elementor-field elementor-size-sm  elementor-field-textual\" placeholder=\"Email\" required=\"required\">\n\t\t\t\t\t\t\t\t\t\t\t<\/div>\n\t\t\t\t\t\t\t\t<div class=\"elementor-field-type-textarea elementor-field-group elementor-column elementor-field-group-message elementor-col-100\">\n\t\t\t\t\t\t\t\t\t\t\t\t<label for=\"form-field-message\" class=\"elementor-field-label elementor-screen-only\">\n\t\t\t\t\t\t\t\tMessage\t\t\t\t\t\t\t<\/label>\n\t\t\t\t\t\t<textarea class=\"elementor-field-textual elementor-field  elementor-size-sm\" name=\"form_fields[message]\" id=\"form-field-message\" rows=\"4\" placeholder=\"Votre message\"><\/textarea>\t\t\t\t<\/div>\n\t\t\t\t\t\t\t\t<div class=\"elementor-field-type-html elementor-field-group elementor-column elementor-field-group-field_68c1b38 elementor-col-100\">\n\t\t\t\t\tEn cliquant sur \"envoyer\", vous confirmez notre <a href=\"https:\/\/agencetr.com\/index.php\/politique-de-confidentialite\/\">politique de confidentialit\u00e9.<\/a>\t\t\t\t<\/div>\n\t\t\t\t\t\t\t\t<div class=\"elementor-field-group elementor-column elementor-field-type-submit elementor-col-50 e-form__buttons elementor-md-40 elementor-sm-100\">\n\t\t\t\t\t<button class=\"elementor-button elementor-size-sm\" type=\"submit\">\n\t\t\t\t\t\t<span class=\"elementor-button-content-wrapper\">\n\t\t\t\t\t\t\t\t\t\t\t\t\t\t\t<span class=\"elementor-button-icon\">\n\t\t\t\t\t\t\t\t\t<i aria-hidden=\"true\" class=\"vamtamtheme- vamtam-theme-icon-arrow-right-top\"><\/i>\t\t\t\t\t\t\t\t\t\t\t\t\t\t\t\t\t<\/span>\n\t\t\t\t\t\t\t\t\t\t\t\t\t\t\t\t\t\t\t\t\t\t<span class=\"elementor-button-text\">Envoyer<\/span>\n\t\t\t\t\t\t\t\t\t\t\t\t\t<\/span>\n\t\t\t\t\t<\/button>\n\t\t\t\t<\/div>\n\t\t\t<\/div>\n\t\t<\/form>\n\t\t\t\t\t\t<\/div>\n\t\t\t\t\t<\/div>\n\t\t<\/div>\n\t\t\t\t<div class=\"elementor-column elementor-col-33 elementor-top-column elementor-element elementor-element-6e6f117 elementor-hidden-tablet elementor-hidden-mobile\" data-id=\"6e6f117\" data-element_type=\"column\" data-e-type=\"column\">\n\t\t\t<div class=\"elementor-widget-wrap\">\n\t\t\t\t\t\t\t<\/div>\n\t\t<\/div>\n\t\t\t\t<div class=\"elementor-column elementor-col-33 elementor-top-column elementor-element elementor-element-2e595a2\" data-id=\"2e595a2\" data-element_type=\"column\" data-e-type=\"column\" data-settings=\"{&quot;background_background&quot;:&quot;classic&quot;}\">\n\t\t\t<div class=\"elementor-widget-wrap elementor-element-populated\">\n\t\t\t\t\t\t<div class=\"elementor-element elementor-element-d040ff5 elementor-widget elementor-widget-heading\" data-id=\"d040ff5\" data-element_type=\"widget\" data-e-type=\"widget\" data-widget_type=\"heading.default\">\n\t\t\t\t\t<h3 class=\"elementor-heading-title elementor-size-default\">A noter<\/h3>\t\t\t\t<\/div>\n\t\t\t\t<div class=\"vamtam-has-theme-widget-styles elementor-element elementor-element-84d527c elementor-widget elementor-widget-text-editor\" data-id=\"84d527c\" data-element_type=\"widget\" data-e-type=\"widget\" data-widget_type=\"text-editor.default\">\n\t\t\t\t\t\t\t\t\t<p>Consultez les pages <a href=\"https:\/\/agencetr.com\/index.php\/lagence-tr\/gouvernance-et-mot-du-president\/\">Gouvernance et mot du pr\u00e9sident<\/a> et <a href=\"https:\/\/agencetr.com\/index.php\/lagence-tr\/approche-et-concept\/\">l&rsquo;approche et le concept<\/a> de l&rsquo;Agence TR pour obtenir des informations sur nos fa\u00e7ons de proc\u00e9der.<\/p><p>Notez qu\u2019une lettre de mission initiale raisonnable est g\u00e9n\u00e9ralement requis pour que notre soci\u00e9t\u00e9 puisse commencer les missions que vous lui confiez.<\/p>\t\t\t\t\t\t\t\t<\/div>\n\t\t\t\t\t<\/div>\n\t\t<\/div>\n\t\t\t\t\t<\/div>\n\t\t<\/section>\n\t\t\t\t<\/div>\n\t\t","protected":false},"excerpt":{"rendered":"<p>We are pleased to connect with you in\u2011person, by phone, by email or 24\/7 on our website. We look forward to learning how we can help you.<\/p>\n","protected":false},"author":1,"featured_media":4193,"parent":0,"menu_order":0,"comment_status":"closed","ping_status":"closed","template":"","meta":{"footnotes":""},"class_list":["post-150","page","type-page","status-publish","has-post-thumbnail","hentry"],"yoast_head":"<!-- This site is optimized with the Yoast SEO plugin v27.4 - https:\/\/yoast.com\/product\/yoast-seo-wordpress\/ -->\n<title>Contact - Agence TR<\/title>\n<meta name=\"robots\" content=\"index, follow, max-snippet:-1, max-image-preview:large, max-video-preview:-1\" \/>\n<link rel=\"canonical\" href=\"https:\/\/agencetr.com\/index.php\/contact\/\" \/>\n<meta property=\"og:locale\" content=\"fr_FR\" \/>\n<meta property=\"og:type\" content=\"article\" \/>\n<meta property=\"og:title\" content=\"Contact - Agence TR\" \/>\n<meta property=\"og:description\" content=\"We are pleased to connect with you in\u2011person, by phone, by email or 24\/7 on our website. We look forward to learning how we can help you.\" \/>\n<meta property=\"og:url\" content=\"https:\/\/agencetr.com\/index.php\/contact\/\" \/>\n<meta property=\"og:site_name\" content=\"Agence TR\" \/>\n<meta property=\"article:modified_time\" content=\"2025-05-07T09:55:59+00:00\" \/>\n<meta property=\"og:image\" content=\"https:\/\/agencetr.com\/wp-content\/uploads\/2022\/11\/pexels-mike-van-schoonderwalt-5511293-scaled.jpg\" \/>\n\t<meta property=\"og:image:width\" content=\"2560\" \/>\n\t<meta property=\"og:image:height\" content=\"622\" \/>\n\t<meta property=\"og:image:type\" content=\"image\/jpeg\" \/>\n<meta name=\"twitter:card\" content=\"summary_large_image\" \/>\n<meta name=\"twitter:label1\" content=\"Dur\u00e9e de lecture estim\u00e9e\" \/>\n\t<meta name=\"twitter:data1\" content=\"1 minute\" \/>\n<script type=\"application\/ld+json\" class=\"yoast-schema-graph\">{\"@context\":\"https:\\\/\\\/schema.org\",\"@graph\":[{\"@type\":\"WebPage\",\"@id\":\"https:\\\/\\\/agencetr.com\\\/index.php\\\/contact\\\/\",\"url\":\"https:\\\/\\\/agencetr.com\\\/index.php\\\/contact\\\/\",\"name\":\"Contact - Agence TR\",\"isPartOf\":{\"@id\":\"https:\\\/\\\/agencetr.com\\\/#website\"},\"primaryImageOfPage\":{\"@id\":\"https:\\\/\\\/agencetr.com\\\/index.php\\\/contact\\\/#primaryimage\"},\"image\":{\"@id\":\"https:\\\/\\\/agencetr.com\\\/index.php\\\/contact\\\/#primaryimage\"},\"thumbnailUrl\":\"https:\\\/\\\/agencetr.com\\\/wp-content\\\/uploads\\\/2022\\\/11\\\/pexels-mike-van-schoonderwalt-5511293-scaled.jpg\",\"datePublished\":\"2022-09-11T20:56:03+00:00\",\"dateModified\":\"2025-05-07T09:55:59+00:00\",\"breadcrumb\":{\"@id\":\"https:\\\/\\\/agencetr.com\\\/index.php\\\/contact\\\/#breadcrumb\"},\"inLanguage\":\"fr-FR\",\"potentialAction\":[{\"@type\":\"ReadAction\",\"target\":[\"https:\\\/\\\/agencetr.com\\\/index.php\\\/contact\\\/\"]}]},{\"@type\":\"ImageObject\",\"inLanguage\":\"fr-FR\",\"@id\":\"https:\\\/\\\/agencetr.com\\\/index.php\\\/contact\\\/#primaryimage\",\"url\":\"https:\\\/\\\/agencetr.com\\\/wp-content\\\/uploads\\\/2022\\\/11\\\/pexels-mike-van-schoonderwalt-5511293-scaled.jpg\",\"contentUrl\":\"https:\\\/\\\/agencetr.com\\\/wp-content\\\/uploads\\\/2022\\\/11\\\/pexels-mike-van-schoonderwalt-5511293-scaled.jpg\",\"width\":2560,\"height\":622},{\"@type\":\"BreadcrumbList\",\"@id\":\"https:\\\/\\\/agencetr.com\\\/index.php\\\/contact\\\/#breadcrumb\",\"itemListElement\":[{\"@type\":\"ListItem\",\"position\":1,\"name\":\"Home\",\"item\":\"https:\\\/\\\/agencetr.com\\\/\"},{\"@type\":\"ListItem\",\"position\":2,\"name\":\"Contact\"}]},{\"@type\":\"WebSite\",\"@id\":\"https:\\\/\\\/agencetr.com\\\/#website\",\"url\":\"https:\\\/\\\/agencetr.com\\\/\",\"name\":\"Agence TR\",\"description\":\"Agir en homme de r\u00e9flexion et R\u00e9flechir en homme d&#039;action\",\"publisher\":{\"@id\":\"https:\\\/\\\/agencetr.com\\\/#organization\"},\"potentialAction\":[{\"@type\":\"SearchAction\",\"target\":{\"@type\":\"EntryPoint\",\"urlTemplate\":\"https:\\\/\\\/agencetr.com\\\/?s={search_term_string}\"},\"query-input\":{\"@type\":\"PropertyValueSpecification\",\"valueRequired\":true,\"valueName\":\"search_term_string\"}}],\"inLanguage\":\"fr-FR\"},{\"@type\":\"Organization\",\"@id\":\"https:\\\/\\\/agencetr.com\\\/#organization\",\"name\":\"Agence TR\",\"url\":\"https:\\\/\\\/agencetr.com\\\/\",\"logo\":{\"@type\":\"ImageObject\",\"inLanguage\":\"fr-FR\",\"@id\":\"https:\\\/\\\/agencetr.com\\\/#\\\/schema\\\/logo\\\/image\\\/\",\"url\":\"https:\\\/\\\/agencetr.com\\\/wp-content\\\/uploads\\\/2025\\\/02\\\/cropped-cropped-LOGO-465-sign-sans-fond-1.webp\",\"contentUrl\":\"https:\\\/\\\/agencetr.com\\\/wp-content\\\/uploads\\\/2025\\\/02\\\/cropped-cropped-LOGO-465-sign-sans-fond-1.webp\",\"width\":664,\"height\":500,\"caption\":\"Agence TR\"},\"image\":{\"@id\":\"https:\\\/\\\/agencetr.com\\\/#\\\/schema\\\/logo\\\/image\\\/\"}}]}<\/script>\n<!-- \/ Yoast SEO plugin. -->","yoast_head_json":{"title":"Contact - Agence TR","robots":{"index":"index","follow":"follow","max-snippet":"max-snippet:-1","max-image-preview":"max-image-preview:large","max-video-preview":"max-video-preview:-1"},"canonical":"https:\/\/agencetr.com\/index.php\/contact\/","og_locale":"fr_FR","og_type":"article","og_title":"Contact - Agence TR","og_description":"We are pleased to connect with you in\u2011person, by phone, by email or 24\/7 on our website. We look forward to learning how we can help you.","og_url":"https:\/\/agencetr.com\/index.php\/contact\/","og_site_name":"Agence TR","article_modified_time":"2025-05-07T09:55:59+00:00","og_image":[{"width":2560,"height":622,"url":"https:\/\/agencetr.com\/wp-content\/uploads\/2022\/11\/pexels-mike-van-schoonderwalt-5511293-scaled.jpg","type":"image\/jpeg"}],"twitter_card":"summary_large_image","twitter_misc":{"Dur\u00e9e de lecture estim\u00e9e":"1 minute"},"schema":{"@context":"https:\/\/schema.org","@graph":[{"@type":"WebPage","@id":"https:\/\/agencetr.com\/index.php\/contact\/","url":"https:\/\/agencetr.com\/index.php\/contact\/","name":"Contact - Agence TR","isPartOf":{"@id":"https:\/\/agencetr.com\/#website"},"primaryImageOfPage":{"@id":"https:\/\/agencetr.com\/index.php\/contact\/#primaryimage"},"image":{"@id":"https:\/\/agencetr.com\/index.php\/contact\/#primaryimage"},"thumbnailUrl":"https:\/\/agencetr.com\/wp-content\/uploads\/2022\/11\/pexels-mike-van-schoonderwalt-5511293-scaled.jpg","datePublished":"2022-09-11T20:56:03+00:00","dateModified":"2025-05-07T09:55:59+00:00","breadcrumb":{"@id":"https:\/\/agencetr.com\/index.php\/contact\/#breadcrumb"},"inLanguage":"fr-FR","potentialAction":[{"@type":"ReadAction","target":["https:\/\/agencetr.com\/index.php\/contact\/"]}]},{"@type":"ImageObject","inLanguage":"fr-FR","@id":"https:\/\/agencetr.com\/index.php\/contact\/#primaryimage","url":"https:\/\/agencetr.com\/wp-content\/uploads\/2022\/11\/pexels-mike-van-schoonderwalt-5511293-scaled.jpg","contentUrl":"https:\/\/agencetr.com\/wp-content\/uploads\/2022\/11\/pexels-mike-van-schoonderwalt-5511293-scaled.jpg","width":2560,"height":622},{"@type":"BreadcrumbList","@id":"https:\/\/agencetr.com\/index.php\/contact\/#breadcrumb","itemListElement":[{"@type":"ListItem","position":1,"name":"Home","item":"https:\/\/agencetr.com\/"},{"@type":"ListItem","position":2,"name":"Contact"}]},{"@type":"WebSite","@id":"https:\/\/agencetr.com\/#website","url":"https:\/\/agencetr.com\/","name":"Agence TR","description":"Agir en homme de r\u00e9flexion et R\u00e9flechir en homme d&#039;action","publisher":{"@id":"https:\/\/agencetr.com\/#organization"},"potentialAction":[{"@type":"SearchAction","target":{"@type":"EntryPoint","urlTemplate":"https:\/\/agencetr.com\/?s={search_term_string}"},"query-input":{"@type":"PropertyValueSpecification","valueRequired":true,"valueName":"search_term_string"}}],"inLanguage":"fr-FR"},{"@type":"Organization","@id":"https:\/\/agencetr.com\/#organization","name":"Agence TR","url":"https:\/\/agencetr.com\/","logo":{"@type":"ImageObject","inLanguage":"fr-FR","@id":"https:\/\/agencetr.com\/#\/schema\/logo\/image\/","url":"https:\/\/agencetr.com\/wp-content\/uploads\/2025\/02\/cropped-cropped-LOGO-465-sign-sans-fond-1.webp","contentUrl":"https:\/\/agencetr.com\/wp-content\/uploads\/2025\/02\/cropped-cropped-LOGO-465-sign-sans-fond-1.webp","width":664,"height":500,"caption":"Agence TR"},"image":{"@id":"https:\/\/agencetr.com\/#\/schema\/logo\/image\/"}}]}},"_links":{"self":[{"href":"https:\/\/agencetr.com\/index.php\/wp-json\/wp\/v2\/pages\/150","targetHints":{"allow":["GET"]}}],"collection":[{"href":"https:\/\/agencetr.com\/index.php\/wp-json\/wp\/v2\/pages"}],"about":[{"href":"https:\/\/agencetr.com\/index.php\/wp-json\/wp\/v2\/types\/page"}],"author":[{"embeddable":true,"href":"https:\/\/agencetr.com\/index.php\/wp-json\/wp\/v2\/users\/1"}],"replies":[{"embeddable":true,"href":"https:\/\/agencetr.com\/index.php\/wp-json\/wp\/v2\/comments?post=150"}],"version-history":[{"count":27,"href":"https:\/\/agencetr.com\/index.php\/wp-json\/wp\/v2\/pages\/150\/revisions"}],"predecessor-version":[{"id":989376,"href":"https:\/\/agencetr.com\/index.php\/wp-json\/wp\/v2\/pages\/150\/revisions\/989376"}],"wp:featuredmedia":[{"embeddable":true,"href":"https:\/\/agencetr.com\/index.php\/wp-json\/wp\/v2\/media\/4193"}],"wp:attachment":[{"href":"https:\/\/agencetr.com\/index.php\/wp-json\/wp\/v2\/media?parent=150"}],"curies":[{"name":"wp","href":"https:\/\/api.w.org\/{rel}","templated":true}]}}